 2028 and 1680198?
1014
Calculate the highest common divisor of 1287 and 309231.
117
Calculate the highest common divisor of 635595 and 165.
15
What is the highest common factor of 26060 and 2540?
20
Calculate the highest common divisor of 15 and 26500.
5
What is the greatest common divisor of 208536 and 24?
24
What is the greatest common divisor of 281898 and 54?
18
Calculate the greatest common divisor of 32720 and 380.
20
Calculate the greatest common factor of 34868 and 379.
379
Calculate the greatest common factor of 2014 and 1861943.
1007
What is the highest common factor of 8220 and 390?
30
What is the greatest common divisor of 38421 and 27?
27
What is the greatest common divisor of 19 and 23807?
19
Calculate the greatest common divisor of 968022 and 594.
198
Calculate the greatest common factor of 992 and 8370.
62
Calculate the greatest common factor of 27132 and 39102.
798
What is the highest common factor of 2232 and 35278?
62
Calculate the highest common divisor of 105 and 65240.
35
Calculate the highest common factor of 48 and 58974.
6
What is the highest common factor of 154 and 1125982?
22
Calculate the greatest common divisor of 10670 and 15.
5
Calculate the highest common factor of 72208 and 16.
16
What is the greatest common divisor of 423460 and 20?
20
Calculate the greatest common divisor of 70584 and 10200.
408
Calculate the highest common factor of 108493 and 13321.
77
What is the greatest common divisor of 206426 and 33?
11
Calculate the greatest common factor of 2 and 56420.
2
What is the greatest common divisor of 17 and 2489?
1
Calculate the highest common divisor of 145272 and 18.
6
What is the greatest common divisor of 18619 and 516?
43
Calculate the highest common divisor of 1121 and 14868.
59
Calculate the greatest common divisor of 69 and 9959.
23
What is the highest common factor of 532 and 52516?
76
What is the highest common divisor of 8872 and 128?
8
What is the highest common factor of 11480 and 143090?
410
Calculate the greatest common divisor of 9553 and 123.
41
What is the highest common factor of 98 and 126?
14
Calculate the greatest common factor of 913275 and 12375.
2475
Calculate the highest common divisor of 584 and 232724.
292
What is the greatest common divisor of 757785 and 75?
15
Calculate the highest common factor of 46 and 79718.
46
Calculate the highest common factor of 6636 and 624732.
948
What is the highest common divisor of 76 and 2060284?
76
What is the greatest common factor of 38 and 18373?
19
Calculate the greatest common divisor of 15 and 2693445.
15
What is the greatest common factor of 557 and 901783?
557
What is the highest common divisor of 176 and 88112?
16
Calculate the greatest common divisor of 1253 and 641536.
1253
Calculate the highest common divisor of 1309 and 511.
7
What is the greatest common divisor of 17664 and 272?
16
What is the highest common factor of 38 and 8018?
38
Calculate the highest common divisor of 3222 and 1746.
18
What is the greatest common factor of 48 and 15720?
24
Calculate the greatest common factor of 24 and 3752.
8
Calculate the highest common divisor of 15 and 101763.
3
What is the highest common divisor of 28 and 96061?
7
Calculate the greatest common divisor of 78279 and 1455.
291
What is the greatest common divisor of 1137 and 134924?
379
Calculate the highest common factor of 574 and 57946.
14
What is the highest common factor of 70147 and 891?
11
What is the greatest common factor of 1117809 and 154?
77
What is the greatest common divisor of 245648 and 64?
16
Calculate the highest common factor of 1519 and 1149449.
217
What is the highest common divisor of 190255 and 65?
65
What is the greatest common factor of 20 and 88180?
20
Calculate the greatest common factor of 8314746 and 1166.
1166
What is the greatest common divisor of 56 and 255416?
56
What is the greatest common factor of 64560 and 10?
10
What is the greatest common divisor of 103452 and 36?
12
What is the highest common divisor of 18550 and 424?
106
What is the highest common divisor of 14970 and 120?
30
Calculate the highest common divisor of 98768 and 144.
16
What is the highest common factor of 32339 and 13733?
443
What is the highest common factor of 1736 and 221123?
217
What is the greatest common factor of 65080 and 80?
40
What is the greatest common divisor of 663 and 289?
17
Calculate the highest common divisor of 6348 and 345.
69
What is the greatest common factor of 99 and 39633?
33
Calculate the greatest common divisor of 209 and 9449.
11
Calculate the highest common factor of 2170 and 655.
5
Calculate the highest common factor of 1000725 and 825.
825
What is the highest common factor of 18725 and 1225?
175
What is the highest common divisor of 1508647 and 7?
7
Calculate the highest common factor of 1294 and 9734762.
1294
What is the greatest common factor of 98301 and 588?
21
What is the highest common divisor of 166868 and 624?
52
What is the highest common divisor of 343865 and 776?
97
What is the highest common divisor of 416560 and 1060?
20
Calculate the greatest common divisor of 68 and 87907.
17
Calculate the highest common divisor of 312 and 32968.
104
What is the greatest common factor of 96 and 8952?
24
Calculate the highest common divisor of 308 and 4730.
22
What is the highest common divisor of 639 and 18072837?
639
What is the highest common factor of 13 and 182650?
13
What is the greatest common factor of 4446 and 45162?
234
What is the greatest common divisor of 103275 and 425?
425
Calculate the highest common factor of 1164640 and 16.
16
What is the highest common divisor of 649 and 75520?
59
Calculate the greatest common divisor of 3 and 324537.
3
Calculate the highest common divisor of 18091 and 395.
79
Calculate the highest common divisor of 109399 and 31.
31
What is the greatest common factor of 99690 and 510?
30
Calculate the greatest common factor of 867996 and 209.
19
What is the highest common factor of 29 and 618?
1
Calculate the highest common factor of 704 and 99616.
352
Calculate the highest common factor of 41125 and 705.
235
Calculate the highest common factor of 2600 and 2457.
13
What is the highest common divisor of 7977278 and 214?
214
What is the highest common divisor of 7 and 555086?
7
What is the highest common divisor of 42725 and 125?
25
Calculate the greatest common divisor of 553456 and 752.
16
Calculate the highest common factor of 906 and 1583688.
906
What is the greatest common factor of 442929 and 19325?
773
What is the highest common factor of 108 and 2784?
12
What is the highest common factor of 6944 and 238?
14
What is the highest common divisor of 4905203 and 53?
53
What is the highest common factor of 296 and 5278420?
148
What is the highest common divisor of 2882 and 187?
11
What is the highest common factor of 1673264 and 16?
16
What is the highest common factor of 459 and 118827?
27
Calculate the highest common divisor of 9 and 310560.
3
Calculate the highest common divisor of 54 and 372150.
18
What is the greatest common divisor of 180 and 55035?
45
Calculate the greatest common divisor of 14124 and 1408.
44
Calculate the highest common divisor of 1966289 and 13.
13
Calculate the highest common divisor of 789734 and 22.
22
Calculate the greatest common divisor of 1051584 and 960.
192
Calculate the highest common factor of 2379 and 28182.
183
What is the highest common factor of 452157 and 276?
69
What is the highest common factor of 760260 and 8?
4
What is the greatest common divisor of 114 and 175788?
114
What is the highest common divisor of 3545 and 19143?
709
What is the highest common divisor of 775788 and 36?
12
What is the highest common factor of 11736 and 3500262?
2934
Calculate the greatest common divisor of 10087 and 7777.
77
What is the highest common divisor of 4167 and 225?
9
What is the greatest common factor of 95821 and 1364?
341
What is the greatest common divisor of 6885 and 279855?
405
Calculate the highest common factor of 297 and 13473.
27
Calculate the highest common divisor of 24381 and 157059.
567
What is the highest common divisor of 2008 and 888?
8
What is the greatest common factor of 27045 and 315?
45
Calculate the greatest common divisor of 93 and 892893.
93
Calculate the highest c